). Suppose 222 = -0*a + 3*a. Suppose 0 = -2*c + d + 48, -d = -3*c + d + a. What is the greatest common factor of c and j?
2
Let l be (-10)/4*4/(-5). Let j(x) = -11 - 7*x**l - 6*x**2 + 4*x**2 - x**3 - 10*x. Let q be j(-8). What is the highest common divisor of q and 35?
5
Let z be -3 + (3 + -18)/(-3). What is the highest common divisor of 22 and z?
2
Suppose 2*z - 4*x = 24, -3*z - 3*x = -8*z + 39. Let o(y) = y**3 - 4*y**2 + 3*y - 6. Let c be o(4). What is the highest common factor of c and z?
6
Let y = 17 - 15. Calculate the greatest common factor of 2 and y.
2
Let c = -35 - -49. Suppose 0*o - 104 = -2*o + 4*i, 20 = -4*i. Calculate the highest common factor of o and c.
14
Let o be ((-4)/10)/((-3)/15). Let l = 0 + o. Suppose 0 = l*a + 6 - 90. Calculate the highest common factor of 6 and a.
6
Let o be 10 + (-5)/(10/(-4)). Let f(x) = x**2 - 3*x - 18. Let w be f(-6). Calculate the greatest common divisor of o and w.
12
Suppose -z = 3*z + 36. Let q be (-4)/2 + 17 + z. What is the highest common divisor of q and 24?
6
Suppose 204 = -363*r + 369*r. Suppose -4*p + 2*c + 1170 - 72 = 0, 4*c - 524 = -2*p. What is the highest common divisor of p and r?
34
Let b = 0 + 2. Suppose 3*t - 19 - 66 = 5*o, 10 = t + b*o. What is the highest common divisor of 50 and t?
10
Let o(i) = 8*i. Let a be o(1). Let t = 17 - a. Calculate the highest common divisor of t and 27.
9
Let r be (1 - -10)*4/4. Calculate the highest common divisor of 11 and r.
11
Let s be (-3)/2*(-28)/6. Let l(h) = -2*h - 7. Suppose -2*c + 0*c = 14. Let w be l(c). Calculate the greatest common factor of w and s.
7
Suppose 4*n - 103 - 89 = 0. Let f = n - 28. What is the greatest common divisor of 8 and f?
4
Let b = -31 - -45. Suppose 3*d - 4*d + b = 3*q, -4*d - 5*q = -28. Let f = -13 - -18. What is the greatest common divisor of d and f?
1
Let b = 199 - 95. Calculate the greatest common divisor of 13 and b.
13
Let n(k) = k**3 + 6*k**2 - 6*k - 5. Let j be n(-5). Calculate the greatest common factor of 10 and j.
10
Let a(z) = z**3 + 23*z**2 - 3*z - 43. Let d be a(-23). What is the greatest common factor of d and 2?
2
Let j = -24 + 21. Let m be 12 - (j - (-4 - 1)). Calculate the greatest common divisor of 10 and m.
10
Suppose 31*a = 25*a + 18. What is the highest common divisor of 18 and a?
3
Let u = 8 + 5. Calculate the greatest common divisor of u and 52.
13
Let m = -13 - 0. Suppose -4*q + 52 + 20 = -u, 5*u - 1 = q. Let f = m + q. Calculate the greatest common factor of f and 9.
3
Let j(t) be the first derivative of -t**4/4 - 3*t**3 + 4*t**2 - 8*t - 5. Let q be j(-10). Calculate the greatest common divisor of 4 and q.
4
Let q(l) = l**2 + 4. Let a be q(3). Let k be -2 - -55 - (0 + 1). Calculate the greatest common divisor of a and k.
13
Let b = -4 + 8. Suppose -3*k - 3 = -7*k - 5*f, -4*k + b*f = -12. Suppose k*x - 4*x + 224 = 0. What is the highest common factor of 14 and x?
14
Let q = 20 - -1. What is the greatest common divisor of 231 and q?
21
Let s be 4 + (-1 - (-2 + 0)). Suppose 11 = s*i - 14. Suppose -5*z + 2*d = -25, i*z + 0*d - 25 = d. What is the greatest common factor of z and 15?
5
Suppose 15 = 3*t, -j = -5*j + 5*t - 21. Let q(f) = -f**3 - f**2 + f + 2. Let x be q(0). Calculate the highest common factor of j and x.
1
Let f = -41 + 48. Calculate the greatest common factor of 63 and f.
7
Suppose r - 3*g = -0*r - 10, 4*g + 5 = 5*r. Let x be -2 + (-2)/((-4)/94). Let q = x + -10. What is the greatest common divisor of q and r?
5
Suppose -w + 65 = 2*k, 0*k - 5*k + 180 = -w. Let r(t) = -t**2 - 7*t - 5. Let n be r(-5). Calculate the highest common factor of n and k.
5
Let k = -9 + 20. Calculate the greatest common factor of 55 and k.
11
Suppose 0 = -5*a + 20, -2*o + 0*o + 20 = 2*a. Calculate the greatest common divisor of o and 48.
6
Let u = 9 - 5. What is the greatest common factor of u and 1?
1
Let w(i) = -3*i + 1. Let t be w(1). Let o be (6 + -4)*1/t. Let u be o + 1 - (2 - 22). Calculate the greatest common divisor of u and 8.
4
Suppose 0 = -r - 2*v + 95, r + 0*r + 3*v - 93 = 0. Let w = -69 + r. Suppose -4*y + 39 = -j, 4*y + 5*j = -y + w. What is the highest common factor of 18 and y?
9
Suppose -3*c + 5*d + 38 - 2 = 0, 0 = 4*c - 3*d - 48. Let f = c - 7. Suppose 6*o = f*o + 72. Calculate the highest common divisor of 9 and o.
9
Let n = 4 - 3. Suppose 10 = 5*w - 15. Calculate the highest common factor of n and w.
1
Let m = -29 + 84. What is the highest common factor of m and 5?
5
Suppose 0 = -5*r + 19 + 56. Suppose -5*n + 142 + 8 = 0. Calculate the highest common divisor of r and n.
15
Suppose 0 = -3*d + 22 + 14. Suppose -2*u + 232 = -2*z + 14, -211 = -2*u - 5*z. Calculate the greatest common divisor of d and u.
12
Suppose 0 = 2*k - 3*p + 2, -3*k + 2*p = 1 - 3. What is the greatest common divisor of 16 and k?
2
Suppose -3*o + f - 1 = -4*o, -o = -2*f - 16. Let m(z) = 5*z - 2. Let t be m(4). Calculate the greatest common factor of t and o.
6
Let u(k) = k**2 + 9*k + 3. Let c be u(-11). Calculate the highest common divisor of 75 and c.
25
Let j be ((-2)/(-6))/((-3)/(-81)). Suppose -400 = -j*q + 4*q. What is the greatest common divisor of q and 16?
16
Suppose 3*r - 1 = 8. Let u(b) = b**3 + 10*b**2 + 8*b + 6. Let l = 7 - 16. Let i be u(l). What is the greatest common divisor of r and i?
3
Let x be 1*5 + (-32)/16. What is the highest common divisor of x and 33?
3
Suppose -7*g = -9*g + 220. Calculate the highest common factor of g and 22.
22
Suppose 0 = c + 2, -5*c + 450 = -0*u + u. Suppose 5*w - 5*n - u = 0, -3*n = 4*w + n - 368. Calculate the greatest common divisor of 23 and w.
23
Let d = 6 - 11. Let r be (d/2 + -1)*-2. Suppose -11 = -c + 2*k, 3*k + 32 = 3*c - 16. What is the greatest common divisor of r and c?
7
Let j = -8 - -11. Suppose -w + j = 2*m, -2*w + w = -5*m + 4. Let r(y) = 10*y - 1. Let c be r(w). Calculate the highest common factor of 6 and c.
3
Let s be -1*4 - 296/(-8). Calculate the greatest common factor of 22 and s.
11
Let r be -3 + ((-46)/(-2) - 4). Let m be r - 2/3*-6. What is the greatest common factor of m and 50?
10
Let j(z) = -z**2 - 5*z - 2. Let o be j(-4). Let x be -2 - (-4 - o/(-2)). What is the greatest common divisor of 1 and x?
1
Let g(q) be the third derivative of q**6/40 + q**5/30 - q**4/12 - q**3/3 - q**2. Let w be g(2). What is the highest common factor of 13 and w?
13
Suppose -v - 3 = z, -3*v - 4 = z + 7. Let k = v + 6. Suppose -4*s - w + 35 = -4*w, k*w = -5*s + 38. Calculate the highest common factor of 1 and s.
1
Let q(a) = a**2 - a - 1. Let p be q(3). Suppose 4*f + p = 5*f. Suppose -2*y = 2*n - 30, 0*y - 27 = -n + f*y. Calculate the highest common divisor of 187 and n.
17
Let w = 36 + -29. What is the highest common factor of 7 and w?
7
Suppose 0*u = 2*u. Let j(s) = -5 + s - 5 + u. Let q be j(12). What is the highest common divisor of q and 4?
2
Let w be (-8)/(-6)*(-3)/(-2). Let c be 2/(-4)*(w - 4). Calculate the greatest common factor of c and 4.
1
Suppose -10 = -5*j, 0 = -7*q + 2*q + 5*j + 10. Let a be (q + 0)/(2/52). What is the greatest common factor of 13 and a?
13
Let a be 1/(56/(-60) + -4 + 5). What is the greatest common divisor of a and 75?
15
Let x = 575 - 6. Suppose 0 = -3*r + x - 128. Calculate the highest common factor of 21 and r.
21
Suppose 51 = 4*r - 5*u + 4, -5*u = 15. What is the highest common factor of 8 and r?
8
Suppose 4*v + 3*o - 38 = 0, -42 = -5*v - 4*o + 6. Let p = 58 - 18. What is the highest common divisor of v and p?
8
Let d = 63 - -47. Let z(w) = w**2 + 44. Let b = -1 - -1. Let t be z(b). Calculate the highest common factor of d and t.
22
Let m(j) = -j**3 + 8*j**2 + 6*j + 18. Let s be m(9). Let k be s - -30 - 3/1. What is the greatest common divisor of 45 and k?
9
Let y(h) = 6*h + 0 + h**2 - h**2 - 2 + h**2. Let f be y(-7). Suppose f*n = 25 + 15. What is the highest common divisor of 32 and n?
8
Let b(m) = m**2 + 6*m + 5. Let s be b(-7). Let l be (50 + 2)*33/s. Calculate the greatest common factor of l and 13.
13
Let t(f) = 2*f + 5. Let l be t(5). Suppose 9 = 4*o + 5. Suppose 5*c = -3*u - o + 32, 3*u - 16 = -2*c. What is the highest common factor of l and c?
5
Let x = -4 - -17. Calculate the highest common divisor of x and 104.
13
Let d = -19 + 8. Suppose 0 = -v + 33 - 12. Let r = d + v. What is the greatest common divisor of 50 and r?
